65 - 25?
53454540
In base 8, what is 10 + -5462667?
-5462657
In base 14, what is -93b0632 + 1?
-93b0631
In base 4, what is 21121 + -1132120?
-1110333
In base 4, what is 13 - 10231230300113?
-10231230300100
In base 6, what is 3125 + 100014?
103143
In base 6, what is 3123 - -440334?
443501
In base 7, what is -506422314 + 5?
-506422306
In base 10, what is -59 + -11028522?
-11028581
In base 2, what is 1 - -1011011101010100000011011?
1011011101010100000011100
In base 8, what is -55 + -14632327?
-14632404
In base 15, what is -3ccc771 + -5?
-3ccc776
In base 7, what is 6020246 - 3?
6020243
In base 14, what is -2b954 + -16?
-2b96a
In base 6, what is 310 - -10324340?
10325050
In base 10, what is 19591460 - 3?
19591457
In base 2, what is -110000001111101001 - 10111?
-110000010000000000
In base 14, what is 230 - 2ac8?
-2898
In base 5, what is 2033333340 + 4?
2033333344
In base 10, what is 71 - 1842831?
-1842760
In base 9, what is -110338 - -50?
-110278
In base 16, what is 3bb0 - -162?
3d12
In base 13, what is 414 + b0a69?
b1180
In base 15, what is 62192 + ae?
62251
In base 4, what is -11 - -12103110010330?
12103110010313
In base 10, what is -11215378 + -76?
-11215454
In base 3, what is 222110101011221 - -1?
222110101011222
In base 3, what is -1200 + 122000012112?
122000010212
In base 15, what is 275 + -c39?
-9b4
In base 13, what is -59 + 645592?
645536
In base 13, what is -4 - -1069486?
1069482
In base 14, what is -15 - 1b4dd4?
-1b5009
In base 7, what is -5 - -332132564?
332132556
In base 6, what is -1052 - 200443?
-201535
In base 15, what is e38 - -930?
1868
In base 7, what is -4 - 4166062?
-4166066
In base 11, what is 21 + 5012382?
50123a3
In base 3, what is 111001 - 1120111001?
-1120000000
In base 8, what is -106 - -1121002?
1120674
In base 2, what is 10110101001110000100001101 - -11011?
10110101001110000100101000
In base 8, what is -227 + 1620752?
1620523
In base 8, what is 5205517 + 25?
5205544
In base 6, what is -235 + 51230?
50551
In base 9, what is -134417335 - -1?
-134417334
In base 8, what is -4 + 722510274?
722510270
In base 6, what is -20101451 - -4?
-20101443
In base 4, what is 11 - -32212122211?
32212122222
In base 9, what is 45576 - -154?
45741
In base 2, what is 101 + 100101101011110001?
100101101011110110
In base 6, what is 3201021054 - -1?
3201021055
In base 13, what is 1179 + 1001c?
11198
In base 2, what is -1011010010001000000 - -111111?
-1011010010000000001
In base 12, what is 1 + 373611?
373612
In base 11, what is 7 - 6a20a49?
-6a20a42
In base 14, what is -3 - 9b987c?
-9b9881
In base 2, what is -1 + 11000001001111111111?
11000001001111111110
In base 13, what is -79856a9 - 2?
-79856ab
In base 12, what is 6aaa8 + -6b6?
6a3b2
In base 3, what is 10010100 - -2022112?
12102212
In base 6, what is 1224 + 1202515?
1204143
In base 11, what is -488a1a - -7?
-488a13
In base 16, what is 3f607 + 5ad?
3fbb4
In base 9, what is -1138 - -810724?
808575
In base 15, what is 0 - 3201304?
-3201304
In base 14, what is 4 - 3364c?
-33648
In base 8, what is -700 + -262754?
-263654
In base 3, what is 10 + 1110022021212?
1110022021222
In base 14, what is 3036 - 15192?
-1215a
In base 15, what is -1c + -1a002cb?
-1a002e8
In base 10, what is 4 + -1536703?
-1536699
In base 15, what is 3025d20a - -3?
3025d20d
In base 6, what is -5021003 - 53?
-5021100
In base 12, what is -65552 + a?
-65544
In base 15, what is 1650 - -1a29?
3179
In base 4, what is -20130310 - 3310132?
-30101102
In base 11, what is 34337 - -88?
34414
In base 13, what is -62 + 490158?
4900c6
In base 4, what is -1032022012303 + -2?
-1032022012311
In base 2, what is -10011001100 + 1101000101000?
1010101011100
In base 4, what is 211131 - -3332212?
10210003
In base 13, what is -c - 3489012?
-3489021
In base 11, what is -1a3a938 + 5?
-1a3a933
In base 15, what is -e - 30106c?
-30107b
In base 5, what is -23122340 - -143?
-23122142
In base 16, what is 2cc + -971c?
-9450
In base 12, what is -3 + 1084019?
1084016
In base 14, what is 28b9a - -1c?
28bb8
In base 11, what is -1a30 + -12477?
-143a7
In base 15, what is -608b30b + -5?
-608b311
In base 5, what is 11 + -103341003220?
-103341003204
In base 4, what is -3 + 12200032220?
12200032211
In base 5, what is 3332 + -220242124?
-220233242
In base 15, what is 0 + 37736ab?
37736ab
In base 6, what is -2 - 151314141?
-151314143
In base 4, what is 233 - 1101230232013?
-1101230231120
In base 4, what is 1030011 + 2212?
1032223
In base 14, what is -1ad50b8 - a?
-1ad50c4
In base 10, what is -109477473 + 2?
-109477471
In base 11, what is -3 + 69245270?
69245268
In base 4, what is -130012 + 2330?
-121022
In base 8, what is -31 - 46231?
-46262
In base 9, what is -8867608 + 2?
-8867606
In base 15, what is 13b35 - 61c5?
c960
In base 6, what is 1340 + 4033534?
4035314
In base 11, what is 23 + -257a13?
-2579a0
In base 11, what is -1 - 632209?
-63220a
In base 7, what is -1 + 1315230112?
1315230111
In base 11, what is -1 + 35498286?
35498285
In base 3, what is 1011012 - -102110220?
110122002
In base 6, what is -253313 - 1052?
-254405
In base 5, what is -4301040003 - -3?
-4301040000
In base 14, what is -5 - -31144858?
31144853
In base 2, what is -11100010110011000011111 - -1111?
-11100010110011000010000
In base 6, what is -102004255 + 5?
-102004250
In base 13, what is 27 + 68c7b?
68ca5
In base 6, what is -424224 - 521?
-425145
In base 11, what is 2 - -3861516?
3861518
In base 13, what is 0 + 42131253?
42131253
In base 6, what is -52 - 11050223?
-11050315
In base 6, what is -2 - 32331543?
-32331545
In base 8, what is -7402472 - -17?
-7402453
In base 11, what is -20 - a5a2a?
-a5a4a
In base 8, what is -5 + 1413131300?
1413131273
In base 11, what is 292 - -606280?
606562
In base 2, what is -100 + 1111110000010001100101?
1111110000010001100001
In base 11, what is -2 - 15493297?
-15493299
In base 8, what is -1 - 12637053?
-12637054
In base 13, what is -13770 + -30b9?
-16859
In base 3, what is -110010002100021 - -1110?
-110010002021211
In base 3, what is -11002 - -1102001100?
1101220021
In base 11, what is 1a529 + 4?
1a532
In base 5, what is 2433034 - -23?
2433112
In base 15, what is ba6c - -c35?
c7a2
In base 2, what is 10 - 100110010100010000011010?
-100110010100010000011000
In base 13, what is 117ac - 2?
117aa
In base 16, what is -8 - f71e99?
-f71ea1
In base 11, what is -1610 - -14a5?
-116
In base 15, what is 115bd - 1b1?
1140c
In base 16, what is 1 - 28d163c?
-28d163b
In base 5, what is -20020314324 + 4?
-20020314320
In base 3, what is 2122211220 + 10021222?
2210010212
In base 6, what is -5 + -110102153?
-110102202
In base 8, what is -3204 - -67011?
63605
In base 16, what is 82a - 1de?
64c
In base 5, what is 111300 + -23412?
32333
In base 13, what is -4 - 652566b?
-6525672
In base 14, what is 7d - -d776?
d815
In base 10, what is -3 + 194329544?
194329541
In base 11, what is 15282 + -2163?
1311a
In base 12, what is 108116b - 3?
1081168
In base 13, what is 44039cb - -10?
4403a0b
In base 11, what is -360392 + 26?
-360367
In base 2, what is -100100110 - -110010001111111110100?
110010001111011001110
In base 13, what is -102 + 413b5?
412b3
In base 2, what is -1101010 + -111111100110101100?
-111111101000010110
In base 13, what is -c39 - 15bb?
-2527
In base 6, what is -1544535053 - 2?
-1544535055
In base 10, what is 8230099 + -5?
8230094
In base 2, what is 101000000011011110111 - 1000?
101000000011011101111
In base 13, what is 832660c - -9?
8326618
In base 13, what is 2bc - -b9ac?
bc9b
In base 12, what is 798 - -870?
1448
In base 7, what is 152215 - -110445?
262663
In base 6, what is -331143 - -5002?
-322141
In base 9, what is -7076633 + 4?
-7076628
In base 7, what is 3415442 + -330?
3415112
In base 8, what is 11 - 54706565?
-54706554
In base 8, what is 25403 - -4416?
32021
In base 13, what is -608 - 69aa?
-72b5
In base 9, what is 0 - 12256425?
-12256425
In base 7, what is 1023535041 + 2?
1023535043
In base 2, what is -10100110 - -111100111011011100?
111100111000110110
In base 15, what is 5 + -b5b7c?
-b5b77
In base 10, what is -2 - 4519799?
-4519801
In base 10, what is -285212 + 80?
-285132
In base 4, what is 2320321 - 233113?
2021202
In base 6, what is -5 + 112410500?
112410451
In base 7, what is 61 + 3502411?
3502502
In base 8, what is 31261672 - 24?
31261646
In base 14, what is -1770b636 